6*w. Suppose 8*b - 4*b + 11*b = 0. Give i(b).
0
Let b(c) = 17*c**2 + 179*c + 231. Let i be b(-9). Let v(q) = 27*q + 8. Calculate v(i).
-73
Let y(v) = 7*v**3 - 20*v**2 + 33*v + 72. Let r(d) = 2*d**3 - d**2 - 2*d - 1. Let o(z) = 4*r(z) - y(z). Let n be o(-18). Let j(k) = k - 8. Give j(n).
6
Let x(a) = 12*a. Let t(y) = y. Let m(r) = 10*t(r) - x(r). Suppose -8*v - 8 = -4*v, 1084 = -3*c + 4*v. Let u = c - -363. What is m(u)?
2
Let c(a) = a - 10. Let j = 276 + -274. Suppose -4*g + 30 = 5*q - j*g, -4*q - g = -27. What is c(q)?
-2
Let f = -460 + 325. Let w be 6 - 4 - f/(-9). Let a(n) = -2*n - 18. Determine a(w).
8
Let q(z) = -279*z**3 + 31*z**2 - 31*z + 31. Let a(r) = -28*r**3 + 3*r**2 - 3*r + 3. Let i = -247 - -244. Let k(n) = i*q(n) + 31*a(n). What is k(-1)?
31
Let n(s) = -s**3 - s + 1. Let m = -36 - -41. Suppose m = 4*q + 1. Let g(p) = -7*p**3 - 3*p + 6. Let r(v) = q*g(v) - 5*n(v). What is r(-1)?
1
Let f(k) = -16*k**2 + k - 36168 - 2*k + 15*k**2 + 0*k + 36154. Give f(-3).
-20
Let b(d) = 4*d + 8. Let u be (59 + -53)*1/1. Determine b(u).
32
Let t = -36690 - -73381/2. Let a(j) be the second derivative of t*j**2 + 1/4*j**4 - 1/20*j**5 + 11*j + 1/6*j**3 + 0. Give a(3).
4
Let r(o) = 10*o**2 - 185*o - 38. Let w(d) = 3*d**2 - 54*d - 12. Let k(y) = -2*r(y) + 7*w(y). What is k(6)?
-20
Let t(f) = -40*f + 125. Let p(d) = 15*d + 3. Let v(z) = -2*p(z) - t(z). What is v(13)?
-1
Let y(t) be the third derivative of 0 + 1/6*t**3 + 1/60*t**5 - 36*t**2 - 1/24*t**4 + 0*t. Let n(i) = 2*i**2 + 2*i + 1. Let a(x) = -n(x) + 3*y(x). Give a(6).
8
Let l(r) = -r**3 + 113564*r**2 + 4 - 25 - 113578*r**2 + 0 - 13*r. Calculate l(-13).
-21
Let i be (20/6)/((-2)/(-15)*-5). Let g(z) be the second derivative of 0 + 1/3*z**4 - 1/2*z**3 - z**2 + 1/20*z**5 - 11*z. What is g(i)?
-12
Let v be (-2)/3 + ((-140)/(-12) - 3). Let b(z) = -2*z + 5. Let l be b(v). Let k(w) = w**3 + 10*w**2 - 10*w + 4. Calculate k(l).
-7
Let t be (-22)/8 + 1/(-4). Let d(g) be the first derivative of -g**3/6 + 2*g**2 + 632*g + 485. Let v(h) be the first derivative of d(h). Give v(t).
7
Let l(i) = -i + 0 - 2 + 6. Let c(h) = h**3 + 7*h**2 - 5*h + 117. Let j be c(-9). Determine l(j).
4
Let s(f) = -3*f + 6*f**2 + f - 1 - 2*f + 5*f. Let q be s(-2). Let t = q - 11. Let h(y) = y**2 - 9*y - 13. Give h(t).
-3
Let a(c) = -2*c**2 + 12*c - 11. Suppose 0 = -4*b + 5*k - 11, -2*k + 17 = -2*b + 15. Determine a(b).
-11
Let u(r) = 28*r**3 + 2. Let m be u(2). Let a(c) = c**2 - 2*c**2 + 5*c + m - 218 - c. Suppose -21 = -5*p + 3*l, 12 + 3 = 2*p + l. Give a(p).
-4
Let n be 2/1 - (-56)/(-14). Let v be (3 - n) + -6 + 2. Let b(s) = -s - 3 + v + 2 + 4. Calculate b(-6).
10
Let h(m) = 4*m**3 + 8*m**2 + m - 4. Let n(j) = j**3 - 2*j. Let g(t) = -h(t) + 5*n(t). What is g(9)?
-14
Let v(g) be the third derivative of g**4/24 - g**3/2 + g**2 + 12*g. Let a = 155 + -159. Give v(a).
-7
Suppose -v - 5*f = -3*v, -3*v + 3*f = -9. Suppose 4*u - 4*j = -4, j = -v*u + 3*j - 17. Let y(g) = -g**3 - 6*g**2 + g + 2. What is y(u)?
-28
Let p = -125 + 132. Suppose -p*u - 7*u - 434 = 0. Let n = 32 + u. Let y(i) = 9*i. What is y(n)?
9
Let d = 204 - 174. Let c(s) = s**2 - 25 + d - 31*s + 32*s. Determine c(0).
5
Let b(y) = -14*y - 3. Let q be b(-6). Let s(l) = 124*l - 1041. Let a be s(9). Let k = q - a. Let o(z) = z**2 - 6*z + 9. Calculate o(k).
9
Let v(z) be the third derivative of -1/360*z**6 + 1/8*z**4 - 27*z**2 + 0*z + 19/3*z**3 + 0 + 1/120*z**5. Let a(c) be the first derivative of v(c). What is a(3)?
-3
Let m(q) be the second derivative of -q**4/8 + q**3/6 - 67*q**2 - 2*q + 8. Let o(x) be the first derivative of m(x). What is o(-1)?
4
Suppose -250 + 14 = -b. Suppose -3*f - b = -212. Let o(h) = h**3 + 7*h**2 - 5*h + 8. Calculate o(f).
-16
Suppose -2 = 2*c + 6, 3*c + 24 = 2*m. Let w(r) = 4*r**2 - 2*r**2 - 2*r - 3*r**2 + 10 + m*r - 9. Let y be 3 - (-5)/(15/6). Calculate w(y).
-4
Let w(d) be the second derivative of d**4/12 + 11*d**3/6 - 15*d**2/2 + d. Let a(y) = -143*y - 3873. Let l be a(-27). Give w(l).
-3
Let h(k) = 2 - 11*k**2 + 3*k**2 - 8 - 9*k - k**3. Suppose -33*u = -79*u - 230. Let j be -21 + 3 + 6 - u. Determine h(j).
8
Suppose 13*n - 6*n + 241 - 255 = 0. Let v(m) be the second derivative of 0 - 1/12*m**4 + 1/2*m**3 + 1/2*m**n - 2*m. What is v(2)?
3
Let h(c) = -c**2 - 5*c + 11. Let b = -109 + 111. Suppose 4*w + 0*v = -v - 20, 38 = -5*w + b*v. Calculate h(w).
5
Let w(g) = 11*g**2 - 5*g - 4. Let x(d) = 3*d**2 + 54*d + 95. Let o be x(-16). Calculate w(o).
12
Let c(m) = 1 + 24*m + 5 + 0 - 12*m - 2*m. Calculate c(3).
36
Let j(z) be the second derivative of -5*z**3/6 + 37*z**2/2 - 251*z. Determine j(11).
-18
Let g(f) = f**2 - f + 3. Suppose 0*a = -2*a - 130. Let x = 71 + a. What is g(x)?
33
Let w = -18 + 20. Let b(k) = -11 + 6 - w - 11 + k. Give b(15).
-3
Let y(j) be the second derivative of -j**5/20 + j**4/12 - 2*j**3/3 + 5*j**2/2 - 717*j. What is y(2)?
-7
Let b = 122 + -119. Let c(l) = 5*l - 17*l - l**b - 7*l**2 - 10 + 2*l + 7*l. Calculate c(-7).
11
Suppose -13*v + 18*v - 135 = 0. Let p be -4 - 2/(-2) - (v + -32). Let y(w) = 8*w + 12 - 4 - w + w**p + 4*w. Calculate y(-11).
8
Let k(p) be the third derivative of p**4/8 + 35*p**3/6 - 1368*p**2. Calculate k(-10).
5
Let i = -320 + 317. Let z be 11*(3 + i + 1 + 0). Let d(v) = -2*v + 28. Calculate d(z).
6
Let c(x) = -x**2 - 4*x. Let o = -100 + 118. Let n be ((-42)/(-9) - 6)/(4/o). Give c(n).
-12
Let g(t) = 38*t + 1. Let h(a) = 384*a - 18. Let y(k) = 10*g(k) - h(k). What is y(15)?
-32
Let k be (-4)/10 - 2/(-5). Let s(l) = 0*l + k*l + 0*l - l. Let d be 1*9/(-4)*8/(-6). What is s(d)?
-3
Let k = 193 - 181. Let a be 2*4*(-9)/k. Let i(l) = 5*l - 6. Let j(z) = 45*z - 55. Let w(s) = 55*i(s) - 6*j(s). Calculate w(a).
-30
Let p be -5 + -6 + 1 + (-27)/(135/(-10)). Let n(a) = -5*a - 22. What is n(p)?
18
Suppose 140*i - 555 = -45*i. Let k(f) be the second derivative of -4*f**2 + 13*f + 1/6*f**i + 0. Calculate k(0).
-8
Let v be 14 + -18 - (-80)/12*3. Let u(n) = -n + 22. What is u(v)?
6
Suppose -4*a = 3*m - 51, 14 = a + 2*m + 5. Suppose 0 = 3*n + 14 - 104. Let x(r) = -19 - a - 5*r + n - r**2. Give x(-4).
0
Let k(l) = l**3 + 10*l**2 + 2*l + 3. Suppose -335*j = -336*j - 9. Give k(j).
66
Let g(h) = h + 1. Let n be (-3 - -2)*(42/(-6) + 2). Suppose n*i = -5*r + 7*r - 11, -r - 4*i - 27 = 0. Determine g(r).
-6
Let t = 8 + 4. Suppose 4*a - 8 + t = 0. Let r(h) be the second derivative of 13*h**4/12 + h**3/6 + h**2/2 + h. Determine r(a).
13
Let x(z) = 3*z. Let i(c) = -2*c**2 + c. Let w(p) = p**2 - 16*p - 12. Let r(t) = i(t) + w(t). Let j be r(-14). Determine x(j).
6
Let t(n) = n**2 + 211*n - 57. Let k(a) = -29*a - 1. Let v(q) = -7*k(q) - t(q). Calculate v(-13).
-1
Let b(o) = 17*o**3 - o**2 + 22*o + 17. Let g(c) = 3*c**3 + c**2 + 3*c + 1. Let x(s) = b(s) - 6*g(s). What is x(-8)?
43
Let w(j) = 17*j + 1. Suppose -7*g + 3*g - 3 = 9. Give w(g).
-50
Let r be 21/(-8) + 52080/(-2688) + 18 + 1. Let s(c) = c**3 + 7*c**2 - 4*c - 39. Give s(r).
9
Let i(h) = -h**2 + 11*h - 4. Let m = 2054 - 2048. What is i(m)?
26
Let k(o) be the first derivative of -o**3/3 - 15*o**2/2 - 9*o + 643. What is k(-17)?
-43
Let z be 240/45 - (-2)/(-6). Let j(u) = -7*u + 4. Let t(b) = 10*b - 5. Let n(q) = z*t(q) + 7*j(q). Give n(-5).
-2
Let l(s) = 10 - 75 + 14083977*s - 14083968*s. Give l(9).
16
Let q(g) = 69*g + 549. Let t be q(-8). Let s(i) = 5*i. Let j(r) = r**2 + r + 1. Let a(y) = -j(y) - s(y). What is a(t)?
8
Let l(n) = 5*n - 15. Let s = -733 + 742. What is l(s)?
30
Let f(n) be the third derivative of n**5/30 + 5*n**4/12 - 31*n**3/6 + n**2 + 376. What is f(-7)?
-3
Let k(d) = -d - 2. Suppose r - 5*b = -13, 2*r = -0*b + 3*b - 5. Let x(v) = 3*v + 8 - 1 - 4*v**r + 2*v**2 - 31*v. Let y be x(-14). What is k(y)?
-9
Let l(z) = z - 1. Let w(j) be the first derivative of j**4/4 + 2*j**3 + 7*j**2/2 + 5*j + 120. Let r be w(-2). Determine l(r).
6
Let x(c) = -76*c + 13 - 67*c - 10 + 16*c. What is x(1)?
-124
Let v(y) = y**2 - 3*y - 14. Let s be 0 + (5 + -4)*4 + (-35 - -37). Determine v(s).
4
Let l be 19/3 - 21/9. Let g(o) = 9*o + 3. Calculate g(l).
39
Suppose 29*q = 28*q + 4. Suppose 3*c + 3*y = 24, q*c - 8 = 8*y - 4*y. Let l(p) = -p**3 + 4*p**2 + 7*p. Give l(c).
10
Let y(a) be the first derivative of -5*a**3/3 - 7*a**2 + 3*a - 53. Calculate y(-3).
0
Suppose -33 - 342 = 5*z. Let p be (6/(-